n 93 is divided by q?
7
Suppose l + 5*i + 9 - 21 = 0, l - 3*i + 4 = 0. Calculate the remainder when 13/(-1)*-1 - 2 is divided by l.
1
Let n(j) = -j - 10. What is the remainder when 28 is divided by n(-25)?
13
Let p = 1979 - 1841. What is the remainder when p is divided by 72?
66
Suppose -4*t + 6*y = 10*y + 4, -4*t = -y - 1. Let f be (-2 - 1)*(-10)/6. Suppose n - f = -t. What is the remainder when n is divided by 3?
2
Let y = 25 + -15. Suppose d - 1971 - 199 = 0. Calculate the remainder when (-2)/(-8) - d/(-56) is divided by y.
9
Let h be 2 + 1587/(-15) - (-2)/(-10). Let z = 118 + h. What is the remainder when 25 is divided by z?
11
Let h = 266 + -203. Calculate the remainder when 245 is divided by h.
56
Let v(z) = 2*z**2 + 540. Let i be v(0). Suppose 16*h = 6*h + i. Calculate the remainder when h is divided by 14.
12
Let c be (31*-2*1)/1. Let s = c - -129. What is the remainder when s is divided by 23?
21
Suppose -2*f + 7*f - 1005 = -5*v, -f = -4*v - 216. Suppose 21 = 3*n - f. Calculate the remainder when n is divided by 7.
5
Let o(k) = -k**3 - 3*k**2 + 8*k + 7. What is the remainder when o(-5) is divided by ((-4 - 0) + -8)/(-2)?
5
Let b be ((-1)/(5/(-4)))/((-14)/1015). Let a = 86 + b. Calculate the remainder when a is divided by 11.
6
Let q(z) = -8*z + 10 + 24*z - 2. Let d be q(5). Suppose d = 2*b - 0*b. What is the remainder when b is divided by 15?
14
Suppose 2*t + 3*o + 120 - 441 = 0, -5*o + 327 = 2*t. Suppose -6*u + p = -10*u + 216, 5*p = 3*u - 139. What is the remainder when t is divided by u?
50
Let i(z) = 6*z**2 - 5*z - 3. Let t be i(-1). Suppose -t*r + 141 = 53. What is the remainder when r is divided by 3?
2
Let y be (-12)/(-36)*(130 + -1). Suppose -15 = 4*r - y. Let a = r - -17. What is the remainder when 71 is divided by a?
23
Let a(c) = -10*c - 19. Calculate the remainder when a(-3) is divided by 8.
3
Let m be 65/55 - 4/22. Calculate the remainder when 2 - -9 - (9/3 - m) is divided by 2.
1
Suppose 0*p = p - 25. Let w = -81 + 173. What is the remainder when w is divided by p?
17
Let s = -677 + 686. What is the remainder when 646 is divided by s?
7
Let j(y) = 14*y**3 - 19*y + 44. Calculate the remainder when j(3) is divided by 62.
55
Let f(v) = 3*v - 5 - 14 + 24 - 14. Let n be f(4). Suppose 5*t - 4*k - 150 = k, 5*k = -n*t + 122. What is the remainder when t is divided by 9?
7
Let c(h) = -3*h - 11. Let v(y) = -1. Let a(z) = c(z) - v(z). Suppose 0 = 77*o - 75*o + 10. Calculate the remainder when 8 is divided by a(o).
3
What is the remainder when (-52380)/216*8/(-10) is divided by 51?
41
Let b = -524 + 545. Calculate the remainder when 1152 is divided by b.
18
Let g(c) = c**2 + 4*c - 7. Let h be g(4). Suppose 4*q - h = -y + 72, -3*q = 3*y - 75. Calculate the remainder when 71 is divided by q.
23
Let l(i) = -i**3 - 2*i**2 - 3*i - 3. Let x be 8/(-3) + (-14)/(-21). Let d be l(x). Let f = d - -4. Calculate the remainder when f is divided by 3.
1
Suppose s - j - 30 = 0, -3*j - 60 = -2*s - 2*j. Calculate the remainder when s is divided by (10 - 2)*(26 + -25).
6
Suppose 0*a - 2*c + 292 = -3*a, 2*a - 3*c + 188 = 0. Suppose 4*x = -5*y + 48, 2*x + 3*y + 6 = 8*y. What is the remainder when (12/(-15))/(4/a) is divided by x?
6
Let h(t) = -t**3 + t**2 + 12. Suppose q - 16 = 6. What is the remainder when q is divided by h(0)?
10
Let q be 1/(-5) + (-78)/10. Let h = q + 100. Suppose 10*r = 26*r - 7*r - 279. What is the remainder when h is divided by r?
30
Suppose 0 = 2*s + 2*s - 72. Calculate the remainder when 70/6 - (-4)/(-6) is divided by s/21*42/9.
3
Let m = 6 - -84. Suppose 0 = 3*t + 2*t - m. Calculate the remainder when (-2)/9 + (-2528)/(-36) is divided by t.
16
Calculate the remainder when 232 - (-13 - -6)*2/(-7) is divided by 34.
26
Suppose i + 18*w = 19*w + 192, 4*w - 960 = -5*i. Calculate the remainder when i is divided by 6.
0
Let f(a) = 3*a**3 - 2*a**2 + 2*a + 3. Let r be f(-2). Let c = r + 44. What is the remainder when 25 is divided by c?
3
Calculate the remainder when 25 is divided by (-3)/6 + 287/14.
5
Let k(o) = 27*o - 52. Suppose 11*b = -2 + 79. What is the remainder when k(b) is divided by 14?
11
Let s = 11 + -21. Let f(l) = -l - 5. Let k be f(s). Calculate the remainder when 62 is divided by (-42)/(-6 + -1 + k).
20
Suppose 2*s = -0*s - 5*p + 26, 4*s = -p + 16. Suppose -4*n + 28 = -0*n - s*d, 40 = 5*n - 5*d. Calculate the remainder when 11 is divided by n.
3
Suppose -2*u - 77 = -355. Suppose -4*w = -4*t + 92, -u = -4*t - t - w. Let x = 69 - 54. What is the remainder when t is divided by x?
12
Suppose -10 = 3*l - 28. Let s be ((-20)/l)/((-10)/(-15)). Let a(v) = v**3 + 7*v**2 + 5*v + 3. Calculate the remainder when a(s) is divided by 10.
8
Let o = 30 - 19. Suppose o = y + v, -y + 3 = -0*v - v. Suppose -4*h = -9*h + 45. Calculate the remainder when h is divided by y.
2
Let d = -2030 - -2177. Calculate the remainder when d is divided by 58.
31
Suppose 62 = p - 32*q + 37*q, -4*p = -3*q - 202. Calculate the remainder when p is divided by 9.
7
Let q = -208 - -305. Suppose 4*t = -4*j + q - 17, 2*j - 100 = -5*t. What is the remainder when 99 is divided by t?
19
Suppose -u + 95 = 5*z - 2*u, 2*z = -2*u + 26. Let d(k) = -10*k + 112. Calculate the remainder when d(6) is divided by z.
16
Let k = 61 + -4. Calculate the remainder when k is divided by (-1)/(8 + -13 + 2)*(37 + 2).
5
Let x = -5 - -6. What is the remainder when 16 is divided by x*5 - (-25)/5?
6
Calculate the remainder when (-49290)/(-341) + (-6)/11 is divided by 49.
46
Let v be (-84)/(-14) - (-8)/(-2). Suppose -2*m + 6 + 2 = -2*f, 0 = v*f + 2. Let n = 9 + m. What is the remainder when 21 is divided by n?
9
Let z(j) = -2*j**2 + 6*j + 6. Let b be z(-4). Let v = 78 + b. Let s = -368 + 378. Calculate the remainder when v is divided by s.
8
Suppose -3*b = 2*y - y + 6, 0 = -3*y - 3*b. Let u = 159 + -141. Suppose -o = -2*q - 2 - 12, -2*o - q + u = 0. Calculate the remainder when o is divided by y.
1
Let k(w) = -11*w - 254. Calculate the remainder when 448 is divided by k(-24).
8
Suppose 4*i = 4*l - 948, l + 3*l + 3*i = 934. Suppose -p = 5*o - l, -3*p - 23 = -2*o + 71. What is the remainder when 91 is divided by o?
44
Let h = -17 + 22. Suppose h*p + 6 = 7*p. Let c(k) = -k**2 + 7*k + 9. What is the remainder when c(7) is divided by p?
0
Suppose 2*u + s = -190 + 976, -u + 383 = 3*s. Calculate the remainder when u is divided by 75.
20
Suppose 5*i + 120 = -o, -3*i - 70 = -3*o + 20. Let r = -26 - i. What is the remainder when (19 + r)*(-69)/(-9) is divided by 35?
33
Let t(d) = 9*d**2 - 11*d + 30. Calculate the remainder when t(7) is divided by 99.
97
Let m = -2 + 4. Let y be (m - 5)/(-3) - -3. Suppose 131 = y*j - 1. Calculate the remainder when j is divided by 17.
16
Suppose -5*z + 28 = 2*a - 0*a, -4*a - 4*z = -44. Calculate the remainder when a is divided by 3.
0
Let m = 5 + -5. What is the remainder when -8 - (-91 + 2 - 11) is divided by (-5 + 6)*(24 - m)?
20
Let m(l) = -15*l - 18. Calculate the remainder when 73 is divided by m(-3).
19
Suppose w - 4*w = -5*l + 163, -w - 129 = -4*l. Let r(u) = u**3 - 6*u**2 - 5*u - 8. Let f be r(7). Calculate the remainder when 30 is divided by l*(21/f + -3).
14
Let u(a) = 4*a**3 - 3*a**2 + 3*a - 1. Suppose 5*y - 28 = 2*w, 1 = 2*w - y + 13. Let d be w*(6/(-4) - -1). Calculate the remainder when u(d) is divided by 13.
12
What is the remainder when 43 is divided by (-10)/(-10)*3*3?
7
Let r = 402 + -371. Calculate the remainder when 136 is divided by r.
12
Let f = 5 + -2. Let u be (6 - 3) + f/3. Suppose u*w = -4*b + 60, 5*w + 58 = 5*b - 3*b. Calculate the remainder when 55 is divided by b.
17
Let l be 6/(-24) - 106/(-8). Suppose l = -0*i + i. Let j(m) = -14*m - 35. Calculate the remainder when j(-6) is divided by i.
10
Suppose -h = -2*y + 158, -2*y + 138 = -0*h + 4*h. Suppose 2*l + 20 = i - 3*l, 5*i = 2*l + y. Calculate the remainder when i is divided by 8.
7
Let w = -47 - -45. What is the remainder when (-3)/w*(-1840)/(-69) is divided by 14?
12
Let k(s) = -s**3 - 9*s**2 - 12*s + 19. Let d be k(-7). Suppose 35 = 5*b - d. Calculate the remainder when 37 is divided by b.
5
Let m(z) = z**2 - 9*z + 6. Let q be m(6). What is the remainder when q/(-66) - (-284)/11 is divided by 9?
8
What is the remainder when (-11616)/440*(-40)/6 - 2 is divided by 2?
0
Let a(p) = 35*p